**2 - 23*h - 12. Let m be n(6). Suppose 5*i = -1712 + m. What is the tens digit of i?
5
Let m(q) = -11*q**2 - 6*q + 26. Let p be m(-7). Let d = -265 - p. What is the hundreds digit of d?
2
Let y(q) = 105*q**3 + 23*q**2 - 7*q + 12. What is the hundreds digit of y(4)?
0
What is the thousands digit of (32/6)/(18/(-27)) + 7927?
7
What is the tens digit of (-2145231)/1116*((-11)/3 - -1)?
2
Let w be 32457/310 + (-6)/(-20). Suppose 41*l - w = 38*l. What is the units digit of l?
5
What is the tens digit of (100/(-60))/(30/(-123336))?
5
Suppose 2662605 = 102*i - 34*i + 95*i. What is the thousands digit of i?
6
Let s(n) = -2*n + 22. Let w(z) = -z + 11. Let t(q) = 4*s(q) - 7*w(q). Let c be t(13). What is the units digit of (7/14)/(c/(-324))?
1
What is the tens digit of (-3)/15 - (-197046)/5?
0
Suppose 20339*l = 20343*l - 25940. What is the tens digit of l?
8
Suppose f - 821 = -5*m + 1390, -5*f - 463 = -m. Suppose -2*c - m = -2*j + 977, 4*j + 3*c = 2840. What is the hundreds digit of j?
7
Suppose 0 = 3*j + a - 249198, -j + 4*a + 18437 = -64629. What is the tens digit of j?
6
What is the units digit of -2*15/(15/63698)*3/(-6)?
8
Suppose -2991 = 33*x + 7833. Let p = 369 + x. What is the tens digit of p?
4
Let n = -47 - -95. Suppose -2*a = -11*o + 10*o + 12, -o + 27 = -5*a. Let m = n - o. What is the units digit of m?
6
Let r = 121 - -171. Let i = 673 - r. What is the hundreds digit of i?
3
Suppose 2*k + 4*u = -15 - 5, -2*k - 24 = 2*u. Let z(n) = -30*n - 113. What is the hundreds digit of z(k)?
3
Let d be (2 + -3 - -5) + -18. What is the tens digit of 18552/42 + -6 - 4/d?
3
Let z(y) = -3*y**2 + y**2 - 3*y**2 + y**3 - y. Let w be z(5). What is the tens digit of (-6)/w*(35 + 0)?
4
Let h(o) = 3*o**2 - 9*o - 32. Let a be h(13). Suppose 4*i = -4*v + 288, v + a + 2 = 5*i. Let j = i + -54. What is the tens digit of j?
1
Suppose 86*r - 77*r = 27. Suppose -979 = r*m - 3*s - 6661, 0 = 5*s. What is the tens digit of m?
9
Let n(w) = -2*w**3 + 23*w**2 - 15*w + 10. Let k be ((-19)/(-2) - (-2)/(-4))*1. What is the hundreds digit of n(k)?
2
Let a(j) = 411*j - 4073. What is the ten thousands digit of a(42)?
1
Let n be ((-1512)/16)/(3/(-4)). Let m = 235 - n. Let y = -49 + m. What is the units digit of y?
0
Let r = -2282 + 2170. Suppose 14 = -j - 19. Let z = j - r. What is the units digit of z?
9
Let y(l) = -125*l + 766. What is the hundreds digit of y(-96)?
7
Suppose -4*d = b + 13, 0*b - 2*b - d = 40. Let i be 12/(-42) + 58500/b. What is the tens digit of i/(-56) + (-6)/8?
4
Suppose 453 + 625 = 7*c. Let n = -227 + c. Let t = -2 - n. What is the units digit of t?
1
Let v = 50 + -118. Suppose 5*m = 3*z + 802, -3*m + 486 = -0*m + 3*z. Let j = m + v. What is the units digit of j?
3
Suppose 0 = -24*o + 11*o + 260182. What is the units digit of o?
4
Let t be 14238/8 + (-2)/(-8). Suppose -4*o = 20, 4*c + 4*o = 8*o + t. What is the tens digit of c?
4
Let k(o) = -17*o - 1. Suppose 0 = 5*b - 20, -2*i - 4*b = -0*i - 26. Suppose 7*a + 4 = i*a. What is the tens digit of k(a)?
3
What is the units digit of 9503 + 1/2*0*-1?
3
Let v = -8000 + 15421. What is the thousands digit of v?
7
Let l(k) = -10*k - 36. Let x be l(-4). Suppose -x*f = -v - f + 409, -5*v - f = -2077. What is the tens digit of v?
1
Suppose -u = 3*g + 7, 2*g = -3*g - 5. What is the tens digit of u/((-154)/76 + -2 + 4)?
5
Suppose 25*z = 20086 + 55739. What is the units digit of z?
3
Let o(t) = -22*t - 18. Let f be o(-3). What is the units digit of ((-793)/(-52))/(2/f)?
6
What is the units digit of -1 - (5 - -9*(3 + (-1 - 8)))?
8
Let u(m) = 2966*m**2 - 111*m + 300. What is the units digit of u(3)?
1
Let i = -435 - -2936. What is the units digit of i?
1
Let z = 31 - 44. Let r = 14 + z. What is the units digit of (2/2)/(r/77)?
7
Let x(z) = 3740*z - 62. Let v be x(-1). Let t = -2081 - v. What is the tens digit of t?
2
Let g(i) = i**2 + 17*i - 4. Let h be g(-20). Let a = -57 - h. Let d = a + 346. What is the tens digit of d?
3
Let g(n) = -37*n - 21*n - 64 + 110*n + 93*n. What is the hundreds digit of g(2)?
2
Let w = -10302 + 14637. Suppose -1445 = -17*s + w. What is the units digit of s?
0
Let u(s) = 406*s**2 - 14*s + 4. Suppose 4*n - 13*a - 18 = -11*a, 0 = n - 4*a - 22. What is the thousands digit of u(n)?
1
Suppose 0 = -3*i - 2*a - 31, 7*i = 12*i + a + 40. What is the tens digit of (i - -6)*282/(-3)?
9
Let n = 93386 - 40055. What is the units digit of n?
1
Suppose 0 = 5*a + 5*o, o = -4*a + 5 + 1. Let m be 799/(-68) - (-3)/(-12). What is the units digit of (-922)/m*a - (-5)/15?
4
Suppose -83249 + 4849 = -5*j. What is the hundreds digit of j?
6
Suppose -874035 = 14*v - 137*v + 2485218. What is the ten thousands digit of v?
2
What is the hundreds digit of (1 + 5/(-2))/(801/(-268068))?
5
Suppose 207333 = 1065*v - 1038*v. What is the tens digit of v?
7
Suppose 14*k + 126875 = 29*k + 20*k. What is the hundreds digit of k?
6
What is the tens digit of 4 - 34/8 - 1779/(-12)?
4
Let g = 198 + -82. Let h be -4*g/8*1. Let t = 85 + h. What is the units digit of t?
7
Let h(x) = 23*x**3 + 7*x**2 - 3*x + 333. What is the thousands digit of h(13)?
2
Let j(h) = -h - 3. Let i be j(-4). Let r(v) be the third derivative of 11*v**5/15 + v**4/24 - v**3/3 - 61*v**2 - 2*v. What is the units digit of r(i)?
3
Let y(c) be the third derivative of -c**6/120 + 11*c**5/30 + 29*c**4/12 - 7*c**3/2 + 125*c**2. What is the hundreds digit of y(23)?
7
Suppose 0 = j + 3, -282 = 4*t + 2*j. Let o be t*((4/(-4))/1 - 3). Suppose -3*u - o = -6*u. What is the units digit of u?
2
Suppose 0 = -21*y + 4775 + 13033. Suppose -843*v - 540 = -y*v. What is the hundreds digit of v?
1
Suppose -24*z = -51138 - 15702. Suppose -z = -5*x + 2545. What is the units digit of x?
6
Suppose 7*x = 23 + 12. Suppose 0 = 4*c + 5*y - 1458, 0*c = -2*c + x*y + 744. What is the tens digit of c?
6
Let n(t) = 75*t**2 - 2*t + 2. Let w be n(-5). Suppose -11*v + w = 6*v. What is the tens digit of v?
1
Let p(x) = 2*x + 19. Let b be p(9). Suppose 0 = y - 27 + b. What is the units digit of y/65 + (-2864)/(-26)?
0
Let t(c) = 175*c**2 - 53*c - 299. What is the tens digit of t(-6)?
1
Let b(a) = -80*a - 6. Let s be b(-3). Let m = s + 148. What is the tens digit of m?
8
Suppose -5*o + 5*k + 18031 = -3*o, 2*o + 4*k - 18040 = 0. What is the hundreds digit of o?
0
Suppose 0 = -2*m + 27 - 7. Let k be (-8)/(-3)*(-1419)/(-44). Suppose 0 = -8*j + k + m. What is the tens digit of j?
1
Let t(d) = 4108*d + 203. What is the tens digit of t(1)?
1
Suppose 4*v - 2*r = v + 118, 85 = 2*v + 5*r. Let q(x) = 2 + 87*x**2 - 45*x**2 - 5*x - v*x**2. What is the hundreds digit of q(-6)?
1
Let m(i) = i**3 - 14*i + 5. Let b be m(-4). What is the tens digit of (171/(-2))/((-16)/((-128)/b))?
2
Let k = -24163 - -34411. Suppose 334*m + k = 342*m. What is the tens digit of m?
8
Let m be ((-5)/(-10 - -5))/((-2)/514). Let w = m + 559. What is the units digit of w?
2
Let i(f) = -f**3 + 8*f**2 - 10*f - 14. Let t be i(6). Let y be 0 + (-2)/t - (1 + -2). What is the units digit of (1 - y)*-44*(8 + -7)?
4
Let x be -6*(450/27)/10. Let f(u) = -u**3 - 8*u**2 - 40*u + 14. What is the tens digit of f(x)?
1
What is the units digit of 35981 + (5 - -1) - (-6 + 0 - -1)?
2
Suppose -2*r = -4*r + 390. Suppose -8*x - 10 = -4*b - 3*x, -3*b = x - 17. Suppose -2*a + 109 = a - 5*g, -b*g = 5*a - r. What is the tens digit of a?
3
Suppose 4*u = 2*m - 36950, -m - 4*u = -8856 - 9589. What is the ten thousands digit of m?
1
Suppose 0 = -24*t + 52898 + 40822. What is the units digit of t?
5
Let y = -243 + 165. Let q be (6 - y/4)*(-52)/6. Let o = 407 + q. What is the units digit of o?
6
Let m(l) = -l**3 - 27*l**2 - 21*l - 1154. What is the hundreds digit of m(-36)?
2
Let n(d) = -d**3 + 12*d**2 - 5*d - 26. Let z be n(11). Let v = z - -316. What is the hundreds digit of v?
3
Suppose -77*w + 74*w + 5604 = 3*x, -w - 2*x + 1871 = 0. What is the hundreds digit of w?
8
Let x = -151 - -189. Suppose 9*n = x*n - 10556. What is the tens digit of n?
6
Suppose 3*s - n - 79788 = n, -3*n - 132980 = -5*s. What is the ten thousands digit of s?
2
Let a be (-27)/(-2*18/60). What is the tens digit of a/10*(-3332)/(-21)?
1
What is the ten thousands digit of 7359525/270*4/5?
2
Suppose 45*x - 84 - 51 = 0. Suppose x*r - r - 836 = 0. What is the hundreds digit of r?
4
Let f = -303 + 507. Let l = 